e remainder when 503 is divided by 18?
17
Calculate the remainder when 1024 is divided by 147.
142
What is the remainder when 192 is divided by 14?
10
Calculate the remainder when 1903 is divided by 629.
16
What is the remainder when 136 is divided by 69?
67
Calculate the remainder when 251 is divided by 20.
11
Calculate the remainder when 1484 is divided by 372.
368
What is the remainder when 321 is divided by 6?
3
What is the remainder when 520 is divided by 166?
22
What is the remainder when 431 is divided by 146?
139
Calculate the remainder when 87 is divided by 6.
3
What is the remainder when 389 is divided by 28?
25
Calculate the remainder when 954 is divided by 30.
24
Calculate the remainder when 219 is divided by 22.
21
What is the remainder when 2602 is divided by 19?
18
Calculate the remainder when 294 is divided by 8.
6
What is the remainder when 4601 is divided by 184?
1
What is the remainder when 3462 is divided by 123?
18
Calculate the remainder when 143 is divided by 48.
47
What is the remainder when 261 is divided by 94?
73
What is the remainder when 143 is divided by 43?
14
What is the remainder when 60 is divided by 35?
25
Calculate the remainder when 153 is divided by 44.
21
Calculate the remainder when 271 is divided by 39.
37
What is the remainder when 619 is divided by 79?
66
Calculate the remainder when 128 is divided by 67.
61
What is the remainder when 521 is divided by 127?
13
What is the remainder when 160 is divided by 90?
70
Calculate the remainder when 2142 is divided by 12.
6
Calculate the remainder when 378 is divided by 15.
3
Calculate the remainder when 128 is divided by 5.
3
Calculate the remainder when 18717 is divided by 130.
127
What is the remainder when 17248 is divided by 47?
46
Calculate the remainder when 12863 is divided by 32.
31
What is the remainder when 495 is divided by 57?
39
Calculate the remainder when 1551 is divided by 7.
4
What is the remainder when 28 is divided by 14?
0
Calculate the remainder when 81 is divided by 12.
9
Calculate the remainder when 7801 is divided by 83.
82
What is the remainder when 200 is divided by 180?
20
What is the remainder when 534 is divided by 127?
26
Calculate the remainder when 30 is divided by 17.
13
What is the remainder when 392 is divided by 18?
14
What is the remainder when 2025 is divided by 78?
75
What is the remainder when 51 is divided by 25?
1
What is the remainder when 1975 is divided by 152?
151
What is the remainder when 143 is divided by 12?
11
What is the remainder when 254 is divided by 70?
44
Calculate the remainder when 364 is divided by 12.
4
What is the remainder when 181 is divided by 8?
5
Calculate the remainder when 5252 is divided by 17.
16
What is the remainder when 411 is divided by 97?
23
Calculate the remainder when 5421 is divided by 9.
3
What is the remainder when 170 is divided by 86?
84
What is the remainder when 393 is divided by 163?
67
What is the remainder when 2118 is divided by 125?
118
What is the remainder when 16 is divided by 10?
6
What is the remainder when 355 is divided by 19?
13
What is the remainder when 1915 is divided by 15?
10
What is the remainder when 164 is divided by 6?
2
Calculate the remainder when 92 is divided by 29.
5
What is the remainder when 34 is divided by 20?
14
What is the remainder when 143 is divided by 37?
32
What is the remainder when 199 is divided by 8?
7
What is the remainder when 1896 is divided by 943?
10
Calculate the remainder when 189 is divided by 17.
2
Calculate the remainder when 43 is divided by 22.
21
Calculate the remainder when 114 is divided by 48.
18
Calculate the remainder when 689 is divided by 30.
29
What is the remainder when 21 is divided by 11?
10
Calculate the remainder when 145 is divided by 15.
10
What is the remainder when 26 is divided by 6?
2
Calculate the remainder when 666 is divided by 282.
102
Calculate the remainder when 60 is divided by 28.
4
Calculate the remainder when 105 is divided by 9.
6
Calculate the remainder when 1101 is divided by 364.
9
Calculate the remainder when 1686 is divided by 120.
6
What is the remainder when 228 is divided by 96?
36
What is the remainder when 298 is divided by 48?
10
What is the remainder when 292 is divided by 14?
12
Calculate the remainder when 193 is divided by 28.
25
What is the remainder when 103 is divided by 92?
11
What is the remainder when 151 is divided by 68?
15
What is the remainder when 3936 is divided by 13?
10
Calculate the remainder when 77 is divided by 20.
17
What is the remainder when 102 is divided by 44?
14
What is the remainder when 26 is divided by 12?
2
Calculate the remainder when 2323 is divided by 7.
6
Calculate the remainder when 1052 is divided by 96.
92
What is the remainder when 173 is divided by 149?
24
What is the remainder when 131 is divided by 34?
29
Calculate the remainder when 652 is divided by 7.
1
What is the remainder when 67 is divided by 35?
32
What is the remainder when 28 is divided by 8?
4
What is the remainder when 80 is divided by 42?
38
Calculate the remainder when 284 is divided by 57.
56
What is the remainder when 423 is divided by 88?
71
Calculate the remainder when 1606 is divided by 19.
10
What is the remainder when 168 is divided by 58?
52
What is the remainder when 209 is divided by 6?
5
Calculate the remainder when 20054 is divided by 218.
216
What is the remainder when 2133 is divided by 194?
193
What is the remainder when 40 is divided by 30?
10
What is the remainder when 386 is divided by 13?
9
Calculate the remainder when 339 is divided by 87.
78
Calculate the remainder when 124 is divided by 45.
34
What is the remainder when 343 is divided by 69?
67
What is the remainder when 1039 is divided by 26?
25
What is the remainder when 768 is divided by 61?
36
Calculate the remainder when 9518 is divided by 68.
66
Calculate the remainder when 1822 is divided by 603.
13
Calculate the remainder when 226 is divided by 72.
10
Calculate the remainder when 11992 is divided by 2.
0
Calculate the remainder when 62 is divided by 16.
14
What is the remainder when 1529 is divided by 304?
9
Calculate the remainder when 723 is divided by 340.
43
Calculate the remainder when 1528 is divided by 245.
58
What is the remainder when 981 is divided by 141?
135
Calculate the remainder when 984 is divided by 140.
4
What is the remainder when 599 is divided by 8?
7
What is the remainder when 93 is divided by 12?
9
Calculate the remainder when 2529 is divided by 840.
9
Calculate the remainder when 387 is divided by 49.
44
What is the remainder when 83 is divided by 14?
13
Calculate the remainder when 548 is divided by 46.
42
What is the remainder when 206 is divided by 135?
71
Calculate the remainder when 97 is divided by 33.
31
What is the remainder when 58 is divided by 7?
2
What is the remainder when 599 is divided by 24?
23
Calculate the remainder when 23 is divided by 6.
5
Calculate the remainder when 466 is divided by 13.
11
What is the remainder when 23 is divided by 5?
3
What is the remainder when 1612 is divided by 19?
16
What is the remainder when 171 is divided by 73?
25
Calculate the remainder when 8054 is divided by 260.
254
What is the remainder when 701 is divided by 8?
5
What is the remainder when 229 is divided by 31?
12
Calculate the remainder when 2111 is divided by 14.
11
What is the remainder when 62 is divided by 11?
7
Calculate the remainder when 257 is divided by 38.
29
What is the remainder when 9692 is divided by 126?
116
Calculate the remainder when 419 is divided by 175.
69
Calculate the remainder when 1352 is divided by 292.
184
Calculate the remainder when 115 is divided by 101.
14
Calculate the remainder when 520 is divided by 24.
16
What is the remainder when 1054 is divided by 213?
202
What is the remainder when 5319 is divided by 76?
75
What is the remainder when 111 is divided by 58?
53
What is the remainder when 1018 is divided by 6?
4
What is the remainder when 297 is divided by 12?
9
What is the remainder when 249 is divided by 179?
70
Calculate the remainder when 60 is divided by 44.
16
What is the remainder when 305 is divided by 22?
19
What is the remainder when 567 is divided by 19?
16
What is the remainder when 717 is divided by 90?
87
What i